. Is -254*(11 - d - 2/1) a prime number?
False
Is (119247/9)/(52/12 - 4) a composite number?
False
Suppose 5*p + 4 = -17*f + 15*f, 0 = -2*f + 3*p - 36. Suppose 8840 - 984 = -2*g. Is (3 + (-6)/4)/(f/g) prime?
True
Suppose -42296 = 37*f - 4761979. Is f prime?
False
Let w = 3456 + 2926. Let u = -3861 + w. Is u prime?
True
Let o(f) = f**3 + 6*f**2 - 2*f + 1. Let j be o(-5). Let c be j*(-4 + 9/2). Suppose 11*k - c*k = -2779. Is k a prime number?
True
Let f(h) = -3372*h - 145. Let g be (-10)/35*(-5 - -19). Is f(g) composite?
True
Let g = -5733 + 10058. Let b(n) = n**3 - 7*n**2 + 8*n - 7. Let i be b(6). Suppose 0*c - i*c = -g. Is c prime?
False
Let c(k) = -3318*k + 99. Let n be c(10). Is ((-6 - 6)/(-6))/((-6)/n) prime?
True
Is (-224391)/4*412/(-309) composite?
False
Suppose -16819693 + 6732586 = -123*x. Is x prime?
True
Is (376131/35 + 8)/(-5 + 26/5) a composite number?
False
Let i be ((-78)/(-12) + -5)/((-6)/(-16)). Suppose 0 = -i*j + 11040 + 28420. Is j a composite number?
True
Let w(q) = -q + 13. Let r = -120 + 130. Let j be w(r). Suppose 15261 = 6*v - j*v. Is v composite?
False
Let q = -98388 - -225516. Is (8/(-16))/(4/q*-3) a composite number?
False
Let c(f) = -4*f + 23. Let q be c(7). Let z(d) be the second derivative of d**4/6 - 13*d**2/2 - 4*d. Is z(q) a prime number?
True
Suppose 89*l = 57*l + 96. Is (l/(0 - 3))/((-3)/2007) a prime number?
False
Let d be ((-5)/(-100)*5)/((-4)/16). Is (d + (-1813)/(-2))/(46/644) prime?
False
Let t = -37 + 21. Let a be (t/(-5))/(2/1305). Suppose 22 = 2*h - a. Is h a prime number?
False
Let c = 51390 + -25307. Is c composite?
False
Let l = 160 + -161. Is ((-79)/3)/(l/23)*3 composite?
True
Let f be ((-9)/11 - -1) + (-62)/(-22). Suppose -6*s = -f*s + 426. Let m = 45 - s. Is m a composite number?
True
Suppose 0*p - 256 = 16*p. Let i(s) = -10*s - 42. Is i(p) a prime number?
False
Let w(y) = y - 1. Let j be w(3). Suppose d - x - 2 = 0, j*d + x - 4 = d. Suppose -781 = -a + 2*m, d*m - 2349 = -3*a + 6*m. Is a prime?
False
Suppose -q - 4*a = -21, -2*a = 5*q + a - 37. Suppose 5*c = h + 20, -2*c - q*h + 30 = -c. Is 154 + -1 + 10*(-2)/c a composite number?
False
Is 3*((-15013096)/(-42))/4 a prime number?
True
Let s be (-1)/((12/4)/(-237)) - -2. Suppose 79*x + 2868 = s*x. Suppose -4*t + 3*h = -2870, 2*t - 3*h + h = x. Is t prime?
True
Let w(s) be the first derivative of -55*s**4/4 + s**3/3 - 2*s**2 - 3*s - 7. Suppose 9*q = 8*q - 2. Is w(q) a composite number?
False
Let o(y) = 14*y**2 - 2*y - 6. Let v be o(6). Let q(f) = -f**2 - 4*f. Let g be q(-3). Suppose 4*n = u - 2*u + 631, g*n + 5*u = v. Is n a prime number?
True
Is 21/189*-646962*6/(-4) a composite number?
False
Suppose i + 3*p - 12210 = 0, -i + 12*p - 11*p = -12194. Is (((-176)/24)/11)/((-4)/i) a prime number?
False
Let b be 172696/(-50) - 16/(-1800)*-9. Let v = -2117 - b. Is v a prime number?
False
Let h be (24/(-10))/((-8)/2960). Let m be h/(-20)*(-10)/(-4)*4. Let w = m + 1607. Is w prime?
True
Let p(m) = m**3 - m**2 - 2*m + 55. Let x = 196 - 196. Is p(x) a composite number?
True
Let x(w) = -3*w + 2*w**3 - 749*w**3 - 33*w**2 + 38*w**2. Let v be x(3). Is (-18)/9 + (-1)/(3/v) prime?
True
Suppose -6*r + 1656 = -16182. Let w = 2410 + r. Is w a prime number?
False
Let b(p) = p**2 + 2*p - 35. Let i be b(-7). Suppose -3*d + 8*r - 4*r + 25655 = 0, i = -3*d - 2*r + 25625. Is d prime?
False
Suppose 4*w = i + 257781, -w + 54339 + 10105 = i. Suppose 12*v + w = 17*v + 3*s, 2*v + 5*s - 25778 = 0. Is v prime?
True
Suppose -115*o = -125*o + 10. Let l = 10 + -6. Is (1012/8 - o)/(2/l) prime?
True
Let n(a) = -18*a + 90. Let h be n(24). Let w = h + 661. Is w composite?
True
Let g(s) = 13*s**2 + 8*s - 17. Let o be g(4). Let t = o - 2. Is t a composite number?
True
Let f(y) = -3*y - 83. Let s be f(-30). Is 2*(-3774)/(-4) + s a prime number?
False
Is (-159)/795 + 3160972/10 prime?
True
Suppose 8*i = 59*i - 8144 - 10318. Is i composite?
True
Let v(k) = -94079*k**3 + 2*k**2 - 61*k - 63. Is v(-1) prime?
True
Suppose 44*z = 49*z - 3530. Let r(h) = -2*h - 8. Let o be r(-8). Suppose o*f - 9194 = -z. Is f a prime number?
True
Let q(j) = 8149*j + 2877. Is q(26) prime?
False
Suppose -3*o + 4*r + 1312495 = 0, 592638 = o - 5*r + 155136. Is o composite?
False
Let w(l) = 3123*l - 3132*l - 3 - 6. Is w(-2) prime?
False
Suppose 1631489 = 109*y - 39*y - 571691. Is y a prime number?
False
Let w(b) = 334*b - 2. Let u be w(-5). Let t = 1074 - 2205. Let j = t - u. Is j prime?
True
Let b = 3969 + 29434. Is b prime?
True
Let n(v) = -v**3 - 10*v**2 + 2*v + 20. Let r be n(-10). Suppose r = 12*m - 3482 - 16162. Is m a prime number?
True
Suppose -3*g - 6*t = -t + 18, 0 = -g - 2*t - 6. Let j(w) = -35*w + 5. Let p(y) = 70*y - 10. Let o(u) = 7*j(u) + 3*p(u). Is o(g) a prime number?
False
Let s(k) = 3*k**2 - 113. Suppose 5*v = -y - 2, -3*y - 3*v = -8*v - 74. Is s(y) prime?
True
Is (-10)/(-30)*9 - -289316 a composite number?
False
Suppose -186 = 5*c - 1051. Suppose 2*t - c = n + 4*n, 5*t - 365 = -n. Suppose -6*l = -4*l - t. Is l a prime number?
True
Let t(p) = -p**3 + 49*p**2 + 466*p + 7. Is t(46) prime?
True
Let r be (-4 + 10)*(-3)/(-2). Let y(g) = -g**3 + 14*g**2 + 6*g - 12. Is y(r) a composite number?
True
Let c be ((-11968)/40)/(-11)*20/(-1). Is (c + 3)/(1 - 2) prime?
True
Let x(q) be the first derivative of 1925*q**2/2 + 4*q + 70. Is x(3) composite?
False
Let c = 6103 + 155976. Is c prime?
True
Suppose 13*s = -8*s + 612633. Suppose 0 = -5*z + 2*u + s, 4*z - 10*u + 5*u - 23352 = 0. Is z a composite number?
True
Suppose -9*i + 55 = 1. Let g(b) = -6*b + 24*b + 23*b + i*b + 74. Is g(25) a prime number?
True
Suppose -28 = -3*s + 56. Let b = s + -27. Is b + (-2)/4 - (-373)/2 prime?
False
Let t be (-12340)/(-5) - 6/(-2). Suppose 0 = -o + 263 - t. Let s = 3323 + o. Is s a composite number?
True
Let o = 2077 + 90838. Is o prime?
False
Let v be (-1)/3 - (-13364)/(-12). Let j = 631 - v. Let d = j + -1054. Is d a prime number?
True
Let t(r) = 192*r - 13 - 23 - 122*r - 601*r - 44. Is t(-21) a prime number?
True
Suppose -19*l = 10*l - 0*l - 4359367. Is l a prime number?
True
Let x(j) = 146*j**2 + 302*j - 81. Is x(73) a composite number?
False
Let l(p) be the third derivative of -p**4/8 - 19*p**3/6 + 11*p**2. Let c be l(-6). Is (-3935)/(-5) - (c - 1) a prime number?
False
Let l(c) = 22*c**3 + c**2 + 4*c - 5. Suppose -35*x = -45*x + 10. Is l(x) composite?
True
Let l = 31 - 26. Let n(w) = -4 + 30*w + 3 + 3 + l. Is n(4) a prime number?
True
Let o(m) = m**3 - 18*m**2 + 17*m + 4. Let p be o(17). Suppose -3*z + 39 + 134 = 2*g, -p*g - 5*z + 351 = 0. Let d = 212 - g. Is d composite?
True
Let c be 13/(-5*5/(-25)). Let p(v) = 4 - 1 - 65*v - c*v. Is p(-3) prime?
False
Let d(a) = 4*a**2 + 2*a + 2. Let t(s) = 6*s**2 + 3*s + 3. Let y(b) = -7*d(b) + 5*t(b). Let u be y(-1). Is (-5687)/(-5) + u/(-5) a composite number?
True
Let l(z) = z**3 + 36*z**2 + 35*z + 4. Let p be l(-35). Suppose -p*v + 22156 = -0*v - 2*i, -4*i - 11066 = -2*v. Is v a composite number?
True
Let j be (-4*(-3)/15)/((-8)/(-20)). Suppose j*i + 13 = 7. Is ((-2)/i)/(20/65370) a prime number?
True
Suppose -4*z + 30 = 114. Is ((-7)/z)/(6/54) composite?
False
Is 9125640/135 - 2/6 composite?
True
Suppose -1032719 = -99*a + 14824504 + 2522226. Is a prime?
True
Suppose 5 + 205 = 10*d. Let f be (-14)/d*9510/(-4). Suppose 5*y = b - 6*b + f, -4*y + 5*b = -1268. Is y a composite number?
False
Is (-10)/(((-21)/28)/((-996504)/(-64))) prime?
False
Suppose -5*r + 32602 = 2*i, -4*i - i - 5*r = -81490. Suppose -1141 = 5*m - i. Is m a prime number?
False
Suppose 0 = -56*o + 3223153 + 3354749 + 2970154. Is o composite?
True
Let l(s) be the second derivative of 11*s**4/12 + 9*s**3/2 - 79*s**2/2 + 61*s. Is l(21) prime?
False
Suppose -5*m = -47 + 137. Let l(c) = -c**3 - 5*c**2 - 7*c - 67. Is l(m) a composite number?
False
Suppose 3*b = -3*b + 114. Suppose 17*r + 6 = b*r. Is 3914/10 + ((-26)/(-10) - r) a prime number?
False
Let q be (3/((-18)/(-318)))/((-1)/(-39)). Let h = 7724 + q. Is h a composite number?
False
Suppose -5*q + 9*q = 3*i + 499153, -4*q + 499154 = -2*i. Is q a prime number?
False
Suppose 0*d + 3*y - 61 = -2*d, -4*y = -4*d + 112. Suppose 32 = 21*q - d*q. Let w(i) = -14*i - 3. Is w(q) a composite number?
False
Suppose 72119391 = 328*l - 7*l. Is l prime?
False
Let u(v) = -2042*v + 117